 - h**3. Suppose -x + 3*x = 3*n - 17, -n + 19 = -4*x. Suppose -27 = -3*g + 4*j, -3*g = n*j - 0*j - 6. Give f(g).
-13
Let h(o) = 7 + 2 - 3 + o - 4 + 2. Determine h(-2).
2
Let h(c) = -3*c - 7. Let u(r) = 5*r - 8. Let x(y) = -3*y + 5. Let p(v) = 5*u(v) + 8*x(v). Let f be p(-5). Calculate h(f).
8
Let d(q) = 103*q**3 - 14*q**2 - 17*q + 14. Let f(h) = -35*h**3 + 5*h**2 + 6*h - 5. Let c(w) = -6*d(w) - 17*f(w). Give c(-1).
23
Let c(l) = -3*l**3 - l**2 - 2*l - 1. Suppose -5*f = -5*b - 30, f = -2*b + 4*f - 17. Let i be c(b). Let a(n) = -2*n**2 - 5 + i + n**3 + 5*n - 6*n. What is a(3)?
4
Let j(k) = -2*k - 6. Let q = 333 + -333. Determine j(q).
-6
Let y(f) be the second derivative of f**4/12 - 7*f**3/6 - 11*f**2/2 + 2*f. Let g be 3 - (3 + 32/(-8)) - -5. Give y(g).
7
Let f(k) = -3 - k + 6 + 1. Let c(a) = 70*a - 146. Let i be c(2). Calculate f(i).
10
Let r(b) = -42*b + 1. Let d be r(-1). Let h = d + -28. Suppose h = 2*k + k. Let q(o) = -o + 11. Determine q(k).
6
Let j = -135 + 137. Suppose 3*o = -0*o - 15. Let q(l) = 2*l + 5. Let d(y) = 3*y + 8. Let x(r) = o*d(r) + 8*q(r). What is x(j)?
2
Let k be ((-3)/(6/14))/(-1). Suppose -2*x + 62 = o, 5*o + 0*o - 3*x - 284 = 0. Let m(q) = q**2 + 52 - 2*q - o + 0*q**2 - 4*q. Give m(k).
1
Suppose 5*s = c + 13, -5*s - c = 2*c - 1. Let t(f) = 2*f**2 - 5 - s*f**2 + 2 + f**2 + 3*f. Let q be -5 - (-1)/((-2)/(-4)). Calculate t(q).
-3
Suppose 66 = -21*x + 10*x. Let f(u) = u**2 + 8*u + 3. Determine f(x).
-9
Let y(p) = 2*p**3 - 21*p**2 - 28*p + 8. Let g(s) = s**3 - 10*s**2 - 13*s + 4. Let c(d) = -9*g(d) + 4*y(d). Give c(6).
26
Let n(o) = 1. Let l(a) be the second derivative of -1/6*a**3 - 3/2*a**2 + 0 - 2*a. Let c(q) = -l(q) - 2*n(q). Give c(5).
6
Let i(z) be the first derivative of -z**4/4 - 3*z**3 - 11*z**2/2 - 14*z + 8. Calculate i(-8).
10
Let n = 1 + -1. Let s(x) be the first derivative of -1/2*x**2 + 4 - 1/3*x**3 + x. Give s(n).
1
Let q be (-3)/(3/55)*-1. Let c(i) = q - i - 31 - 16. Determine c(6).
2
Let r(c) = 4*c. Let z = -513 - -518. Give r(z).
20
Let d(z) = 54*z**3 - 3*z - 2. Let f be d(-1). Let i = f - -82. Let u(x) = -17 - 9 + i + x. Determine u(6).
9
Let g(t) = -10 - 9 + 24 - 756*t + 746*t. Calculate g(3).
-25
Suppose 5*r = -0*r. Let n(k) = 2*k + r + 5 - 1 - 5. Determine n(-5).
-11
Let m(x) = -x + 3. Let r = 0 - -34. Suppose 39*c - 25 = r*c. Determine m(c).
-2
Let k(n) = n**2 + 3*n - 5. Suppose -2*b + 4*v + 14 = -0*b, 0 = -2*b - 5*v - 4. Suppose -b = m + m - t, 4 = -2*m + 2*t. Let p be m/(0 - (-2)/10). Calculate k(p).
5
Suppose 4*g + 26 = 3*y, 5*y + 2*g - 53 = -g. Suppose 0 = -k + 6*k - y, 5*k + 2 = 3*a. Let z(m) = 2 + 2*m - 3 - m**2 + 2*m. Determine z(a).
-1
Suppose 5*o = 4*l - 52, -3*l = -6*l - 3*o + 39. Suppose l = z + 9. Let m(j) = j**3 - 3*j**2 - 6*j + 6. Determine m(z).
-2
Let m(p) = p**3 + 9*p**2 + 9*p - 4. Suppose -4*c - 6 = 5*x + 25, 3*x = -4*c - 17. Determine m(x).
31
Suppose 0 = 5*f - 22 - 18. Suppose -f = -2*m, 5*p - 4 + 3 = -4*m. Let l(b) = -4*b + 0*b - 2*b**2 + 1 + 0*b**2. Give l(p).
-5
Let x(c) = c**2 + c - 6. Let p be x(2). Let l(v) = v**2 + v - 37. Determine l(p).
-37
Let m(c) be the first derivative of c**5/60 + 7*c**4/24 - 5*c**2 - 1. Let t(z) be the second derivative of m(z). What is t(-4)?
-12
Let w(u) = u**2 + 4*u. Let n(p) = p**3 - 5*p**2 - 2*p**2 - 8*p + 6*p + p**2 + 10. Let i be n(6). What is w(i)?
-4
Let q(h) = -h**3 - 9*h**2 - 6*h + 12. Let s be q(-6). Let x = s + 304. Let z(v) = v + 244 - x. Calculate z(-6).
-6
Let n(f) = -f**3 - 15*f**2 - 2*f + 10. Let y(m) = -m**3 - 20*m**2 - 3*m + 11. Let d(h) = -4*n(h) + 3*y(h). What is d(0)?
-7
Let k(p) = -4*p + 1. Suppose 2*j = -i + 5*j - 12, -5*i = 3*j - 30. Suppose 5*v = -i - 12. Calculate k(v).
13
Let h(x) = 0 - x**2 - 320*x + 314*x + 1. Calculate h(-2).
9
Let o(z) = -z - 4. Let q(v) = 30. Let x(r) = -5. Let m(s) = -4*q(s) - 25*x(s). Let a(h) = 2*m(h) + 3*o(h). What is a(-6)?
16
Let m(b) = -1 + 94*b**2 + b - 47*b**2 - 46*b**2. Let s be -4 + 6/(5 - 2). Give m(s).
1
Suppose c = 4*c - 3*t + 18, -5*c - 5*t = 0. Let o(v) = -5*v**2 + v**3 - 13*v**2 - 9*v**2 + 4*v + 32*v**2. Give o(c).
6
Let c(p) = -p - 7. Let l(q) = -q - 2. Let t be l(-7). Suppose 4*u + 4*w = 2*u - 28, -t*u - 5*w - 45 = 0. Let v be -7 + (-5)/(10/u). Calculate c(v).
-2
Let n(v) = 6*v - 80. Let t be n(16). Suppose 0 = -5*j + t - 36. Let h(s) = 3*s - 6*s + 2*s**2 - 4 + s**2 + s**3. Calculate h(j).
-8
Let k(s) = 4 + 0 + s + 2*s. Suppose 5*i + 5 = 0, 2*z - 12 = i + i. Suppose -3*h = p - 6, -7*h = -z*p - 2*h - 30. Calculate k(p).
-5
Let h(o) = -2*o + 2. Let y be h(-1). Suppose 0 = -y*i + 4. Let t(j) = j**2 + 1. What is t(i)?
2
Let o(n) = n**2 - 1. Let c(p) = p**2 - 3. Let m(u) = -2*c(u) + 5*o(u). Determine m(1).
4
Let u be (-3)/(-15) + (-24)/(-30). Let a(w) = -7*w + 1. Determine a(u).
-6
Suppose 10*g = 18*g - 9*g. Suppose 5*z + 14 - 9 = g. Let t(p) = 5*p**3 + 2*p**2 + 2*p + 1. Determine t(z).
-4
Let j(g) = g**2 + 17*g - 18. Let t = -1229 + 1211. Give j(t).
0
Suppose -5*b + 162 + 28 = 0. Suppose -3*a + 28 = 2*l, 5*a + 2*l - 3*l = b. Let o(m) = 2*m - 10. Let p be o(a). Let g(r) = -r + 6. What is g(p)?
0
Let p(u) = -168*u**2 - 13*u - 165*u**2 + 23 + 499*u**2 - 165*u**2. Calculate p(10).
-7
Let i(p) = p**2 - 6*p + 16. Let g be i(7). Let a = g - 24. Let q(f) = -5*f**3 - f - 1. Determine q(a).
5
Let t = 17 + -17. Let s(w) = -49*w - 9 - 6 - 59*w + 109*w. Calculate s(t).
-15
Suppose 2*x - 3 - 1 = -4*y, -3*x + 3*y + 6 = 0. Suppose 2*i + x*z + 10 = -0*z, -4*i + 4*z + 20 = 0. Let a(k) = -8 - 17*k - k**3 + 17*k. Calculate a(i).
-8
Let t(x) = 5*x - 1. Let m(o) = -18*o + 2. Let h(s) = -2*m(s) - 7*t(s). What is h(-5)?
-2
Let n be (-9 - -4)/(2*4/(-8)). Suppose 3*q - 17 - 5 = 5*k, 20 = -4*k + 3*q. Let j = n + k. Let f(y) = -2*y**2 + 4*y. What is f(j)?
-6
Suppose 22*s - 16*s = 6. Suppose c = -l + s, 6*l = 3*c + 3*l + 21. Let f(i) = i**2 + 5*i + 2. What is f(c)?
-4
Let s(f) = -7*f**2 + 2*f - 4. Let x(n) = -3*n**2 + 2*n - 4*n**2 - 6 + 1. Let d(l) = -3*l + 6. Let b be d(3). Let z(o) = b*x(o) + 4*s(o). Determine z(1).
-6
Suppose -4 = -4*f + 28. Let k be ((-7 - -3) + f)*4. Let z = -21 + k. Let l(v) = v**2 + 3*v - 4. Calculate l(z).
6
Let y = 21 + -16. Let j(g) = -4*g + 0*g + y*g. Let s(o) = 10*o - 1. Let w(m) = -5*j(m) + s(m). What is w(-1)?
-6
Let q(l) be the third derivative of -l**5/60 + l**4/8 + 7*l**3/6 - 270*l**2. Calculate q(5).
-3
Let r = 44 + -39. Let b(m) = -m**3 + 4*m**2 + 6*m - 10. Determine b(r).
-5
Let k(o) = o**2 + 7*o - 8. Suppose 4*z + 50 = -5*p, -14 = -5*z - 39. Determine k(p).
-14
Let q(a) be the third derivative of -a**4/24 - 7*a**3/3 + 317*a**2 + 2*a. Determine q(-8).
-6
Let n(d) be the second derivative of -37*d**3/6 - d**2/2 - 34*d. What is n(1)?
-38
Let u(s) be the second derivative of 1/6*s**3 + 0 - 4*s - 5/2*s**2. Let m(a) = -10*a + 75. Let z be m(7). Determine u(z).
0
Let y(h) = 3*h**3 - 4*h**2 - 2*h + 3. Suppose 0 = 426*r - 406*r - 40. Calculate y(r).
7
Let b(m) be the first derivative of -m**4/8 + m**3/3 - m**2 - 2. Let a(o) be the second derivative of b(o). Suppose 7*n = 7, 35*y - 33*y - 3 = n. Give a(y).
-4
Suppose -9*l + 4*l - 30 = -5*p, 3*l = p - 16. Let n(w) = -w**3 - 5*w**2 - 3*w - 6. Give n(l).
9
Let k(o) = o**3 - 8*o**2 - 11*o + 6. Suppose 47*u - 322 = 101. Give k(u).
-12
Let w(m) = 3*m**2 - m. Let s = 1 + -10. Let t = 10 + s. Determine w(t).
2
Let a(p) = 24*p. Let u be 122/(-1281) - (-183)/(-63). Calculate a(u).
-72
Let z(q) = -q - 1. Let i(c) = -c**2 - 5. Let p(k) = i(k) - 3*z(k). Calculate p(3).
-2
Let k be (-1)/(-2)*-2*-6. Suppose k = -3*f + 2*p + 14, p - 3 = -2*f. Let j(h) be the third derivative of h**4/4 - h**3/2 + 4*h**2. Determine j(f).
9
Suppose 78 = 6*o + 6. Suppose 0 = -4*t + o, -21 = -3*i - t + 15. Suppose i*y + 16 = 15*y. Let v(a) = a**2 - 5*a - 1. Calculate v(y).
-5
Suppose -66*y - 1947 = -243*y. Let b(g) = -4*g + 0*g + 3*g + 2. What is b(y)?
-9
Let t(c) = -c - 6. Let h be t(-8). Let o(a) = h*a + 66 - 31 - 2*a**2 - 34. Calculate o(3).
-11
Let w(b) = 3*b - 6. Let l(h) = -3*h**2 - 1. Let m(o) = -6*o**2 - o - 2. Let u(r) = 5*l(r) - 2*m(r). Let c be u(-2). Let q = c - -22. What is w(q)?
9
Let g(m) be the first derivative of -3*m**2 + 25. Give g(1).
-6
Let k(t) = -2*t - 3. Let u = -27 + 29. Let q = 5 - u. Give k(q).
-9
Suppose 0 = 2*w - 5*y - 29, -w + 2 + 8 = 2*y. 